factor of 33 and 32901?
33
What is the greatest common factor of 2156 and 539?
539
Calculate the highest common divisor of 198810 and 90.
90
What is the greatest common factor of 13632 and 186588?
852
What is the greatest common factor of 1998 and 21682?
74
What is the greatest common divisor of 8330 and 3060?
170
What is the highest common factor of 34793 and 22?
11
What is the highest common divisor of 1875 and 942?
3
Calculate the highest common divisor of 8550 and 1550.
50
Calculate the greatest common factor of 586 and 1007041.
293
What is the greatest common factor of 10400 and 455?
65
Calculate the greatest common divisor of 10 and 181865.
5
Calculate the greatest common factor of 740 and 22780.
20
Calculate the highest common factor of 167 and 313459.
167
What is the highest common factor of 68847 and 7791?
159
Calculate the highest common divisor of 6672 and 228.
12
Calculate the greatest common divisor of 35472 and 872.
8
Calculate the highest common divisor of 533050 and 350.
350
Calculate the highest common divisor of 42720 and 80.
80
What is the greatest common factor of 368 and 180067?
23
Calculate the highest common factor of 227 and 502351.
227
What is the greatest common factor of 551100 and 60?
60
What is the highest common factor of 4 and 1682?
2
What is the greatest common divisor of 1328 and 50962?
166
Calculate the greatest common divisor of 494916 and 12.
12
Calculate the highest common divisor of 763 and 147.
7
Calculate the greatest common factor of 8 and 53192.
8
What is the highest common factor of 77123 and 6289?
331
Calculate the highest common factor of 95 and 579310.
95
What is the greatest common factor of 27192 and 2343?
33
Calculate the highest common divisor of 71284 and 26104.
1004
What is the highest common divisor of 98938 and 2294?
74
What is the greatest common factor of 553168 and 231?
77
Calculate the highest common divisor of 986 and 224315.
493
What is the highest common factor of 22 and 31691?
11
Calculate the greatest common divisor of 560 and 4718.
14
Calculate the greatest common factor of 73456 and 16.
16
What is the highest common factor of 122244 and 549?
183
Calculate the greatest common factor of 27 and 25343.
1
Calculate the greatest common factor of 312 and 6996.
12
What is the highest common factor of 5967 and 18?
9
What is the greatest common divisor of 97 and 2486789?
97
What is the highest common factor of 25938 and 1089?
99
What is the highest common divisor of 933417 and 11403?
1629
Calculate the greatest common divisor of 1094 and 4254566.
1094
Calculate the highest common factor of 935172 and 504.
252
Calculate the highest common factor of 132 and 608982.
66
Calculate the highest common divisor of 161 and 10281.
23
Calculate the highest common factor of 3878944 and 2752.
1376
What is the greatest common divisor of 156729 and 5073?
267
Calculate the highest common factor of 53775 and 7887.
717
Calculate the highest common divisor of 3234 and 26862.
66
What is the highest common divisor of 150 and 31470?
30
Calculate the highest common factor of 430 and 27040.
10
Calculate the greatest common divisor of 17240 and 1690.
10
What is the greatest common factor of 4 and 72216?
4
What is the highest common divisor of 64 and 1197504?
64
What is the greatest common divisor of 90216 and 27?
9
Calculate the greatest common factor of 3234 and 18328695.
1617
What is the highest common factor of 131360 and 18720?
160
What is the highest common divisor of 5632 and 63712?
352
Calculate the greatest common divisor of 50 and 131125.
25
What is the greatest common factor of 1035 and 39537?
207
What is the highest common divisor of 4329 and 18278?
481
What is the highest common factor of 497874 and 2028?
1014
Calculate the greatest common factor of 12 and 9159.
3
Calculate the highest common divisor of 156 and 3219840.
156
What is the greatest common divisor of 309495 and 1128?
141
Calculate the greatest common factor of 4180 and 6820.
220
Calculate the highest common divisor of 62331 and 237.
237
Calculate the greatest common factor of 29320 and 720.
40
What is the greatest common divisor of 557707 and 380?
19
What is the highest common divisor of 986 and 9454?
58
What is the highest common divisor of 854 and 1599542?
854
What is the highest common divisor of 30600 and 595?
85
What is the greatest common factor of 114 and 50208?
6
Calculate the highest common divisor of 8 and 908788.
4
Calculate the highest common factor of 9053 and 77.
11
Calculate the highest common divisor of 278 and 322.
2
Calculate the greatest common divisor of 21 and 66073.
7
What is the greatest common divisor of 56 and 115668?
28
What is the highest common factor of 335667 and 1107?
123
What is the highest common factor of 97040 and 140?
20
What is the highest common divisor of 196266 and 42?
42
Calculate the greatest common divisor of 37 and 31931.
37
Calculate the highest common factor of 540 and 447660.
540
Calculate the greatest common factor of 1268340 and 180.
60
Calculate the highest common factor of 19870 and 30.
10
What is the highest common divisor of 329 and 368527?
47
Calculate the greatest common divisor of 390 and 20969.
13
What is the highest common divisor of 350493 and 88?
11
What is the highest common divisor of 414 and 20194?
46
What is the highest common factor of 36 and 93762?
18
What is the highest common factor of 191 and 66086?
191
Calculate the greatest common factor of 3 and 21039.
3
Calculate the highest common divisor of 6035 and 105.
5
Calculate the highest common factor of 546 and 1799.
7
Calculate the greatest common factor of 17 and 92089.
17
What is the highest common divisor of 212 and 2322248?
212
What is the highest common divisor of 70 and 514080?
70
Calculate the greatest common factor of 11 and 8565491.
11
What is the highest common factor of 63 and 31227?
21
What is the greatest common divisor of 724 and 448337?
181
What is the highest common factor of 36 and 18477?
9
Calculate the highest common divisor of 140995 and 2941.
173
What is the highest common factor of 936 and 8004204?
468
Calculate the highest common factor of 12270 and 270.
30
What is the highest common factor of 7114 and 2?
2
Calculate the highest common divisor of 184522 and 3055.
611
What is the highest common factor of 43728 and 2304?
48
What is the highest common divisor of 626 and 1480177?
313
What is the greatest common factor of 37 and 885817?
37
Calculate the greatest common divisor of 233761 and 1345.
269
What is the highest common divisor of 52061 and 316?
79
Calculate the highest common factor of 1190 and 1553545.
595
What is the greatest common divisor of 704 and 208736?
352
What is the highest common divisor of 50200 and 800?
200
Calculate the highest common factor of 1326 and 2499.
51
What is the greatest common divisor of 22672 and 52?
52
Calculate the greatest common factor of 8557 and 559.
43
What is the greatest common divisor of 420435 and 45?
45
Calculate the highest common factor of 41237 and 7.
7
Calculate the highest common factor of 262514 and 20468.
238
What is the greatest common divisor of 416 and 2776?
8
What is the highest common factor of 12 and 1358106?
6
What is the highest common divisor of 10760 and 80?
40
What is the greatest common divisor of 294 and 5862?
6
Calculate the greatest common divisor of 116960 and 16082.
1462
What is the greatest common divisor of 65 and 10255?
5
Calculate the greatest common divisor of 3208 and 292.
4
Calculate the highest common divisor of 12 and 195448.
4
What is the highest common factor of 167 and 8183?
167
Calculate the highest common factor of 10545 and 267325.
185
Calculate the highest common divisor of 2907 and 4788.
171
Calculate the highest common factor of 28518 and 294.
294
Calculate the highest common factor of 1679 and 3450.
23
What is the highest common divisor of 92400 and 6960?
240
What is the highest common divisor of 31212 and 12393?
459
Calculate the greatest common divisor of 181170 and 330.
330
What is the highest common divisor of 67 and 877231?
67
What is the highest common divisor of 540 and 6561?
27
What is the highest common divisor of 27 and 74043?
9
What is the greatest common divisor of 3852 and 132?
12
What is the highest